05
Let i(h) = -8369*h - 200854. Give i(-24).
2
Let s(c) = 491*c + 74430. Calculate s(-152).
-202
Let f(x) = 4815*x - 4809. What is f(1)?
6
Let a(y) = -8782*y + 1167993. Give a(133).
-13
Let q(j) = 19*j**2 + 1865*j + 2150. Determine q(-97).
16
Let l(m) = 6*m**2 - 274*m - 413. Calculate l(45).
-593
Let x(l) = -38679*l - 6652790. Give x(-172).
-2
Let t(o) = -o**3 + 262*o**2 - 8594*o + 3117. What is t(38)?
1
Let h(r) = 744*r - 8836. Give h(12).
92
Let j(t) = t**2 - 210*t - 12676. Determine j(-49).
15
Let b(n) = -9453*n - 10357. Determine b(-1).
-904
Let w(q) = -5*q**3 - 37*q**2 - 1653*q - 9686. Give w(-6).
-20
Let s(r) = 185442*r - 2225327. What is s(12)?
-23
Let x(h) = -2*h**3 + 889*h**2 - 12882*h - 30. What is x(15)?
15
Let r(y) = -25*y**2 + 205*y - 284. Calculate r(7).
-74
Let r(t) = t**3 + 50*t**2 - 10386*t + 1785. Give r(-130).
-35
Let d(v) = 3*v**3 + 5*v**2 - 2109*v - 4218. Determine d(-2).
-4
Let b(v) = 1831*v + 45767. Calculate b(-25).
-8
Let y(j) = 207488*j - 2282354. Calculate y(11).
14
Let q(m) = -22*m**3 + 3*m**2 - 12*m - 204. Give q(0).
-204
Let i(s) = -s**3 - 75*s**2 + 477*s + 59. What is i(6)?
5
Let t(b) = 804*b + 238785. What is t(-297)?
-3
Let s(u) = 451*u + 7739. What is s(-22)?
-2183
Let d(h) = -57471*h - 747118. What is d(-13)?
5
Let d(i) = -9670*i + 38701. Determine d(4).
21
Let s(u) = -78*u**2 + 2*u - 11. Determine s(-3).
-719
Let h(d) = -124*d - 1079. Determine h(-8).
-87
Let h(n) = 2*n**3 + 11*n**2 - 422*n - 3305. What is h(-11)?
6
Let o(v) = -738*v + 387. What is o(1)?
-351
Let h(w) = w**2 - 358*w - 76850. Give h(-151).
9
Let h(a) = 3*a**3 + 426*a**2 - 328*a + 14471. Determine h(-143).
28
Let x(i) = -9*i**3 - 103*i**2 + 37*i - 32. Give x(-12).
244
Let s(w) = 12*w**2 + 279*w - 16278. What is s(27)?
3
Let r(k) = -61210*k + 61201. Determine r(1).
-9
Let j(z) = 15*z**2 + 129*z + 35. Calculate j(-10).
245
Let r(o) = -119*o**2 + 165042*o + 15247. What is r(1387)?
-10
Let a(m) = 9229*m - 3959244. Calculate a(429).
-3
Let k(a) = a**2 + 34*a - 80. What is k(-33)?
-113
Let b(f) = 9*f**2 - 2349*f + 72884. What is b(225)?
-16
Let r(o) = -116*o**2 + 33*o - 33. Calculate r(1).
-116
Let m(j) = -50*j**2 - 1901*j - 17. Give m(-38).
21
Let s(k) = 773*k - 209455. Calculate s(271).
28
Let u(c) = 34544*c + 2003555. Calculate u(-58).
3
Let h(i) = 611*i**2 + 193*i + 183. Determine h(-1).
601
Let d(b) = -75*b**3 + 10*b**2 - 50*b + 189. Calculate d(4).
-4651
Let q(g) = -3097*g + 9329. Determine q(3).
38
Let n(t) = -t**3 + 31*t**2 + 95*t - 5501. Give n(27).
-20
Let c(l) = 17*l**3 - 170*l - 351. What is c(-2)?
-147
Let b(u) = 183*u**2 + 143*u - 4. What is b(0)?
-4
Let y(q) = -17*q**2 + 78*q + 3159. Calculate y(16).
55
Let u(l) = -110*l + 10709. Determine u(98).
-71
Let s(o) = o**3 - 60*o**2 - 857*o - 423. Calculate s(72).
81
Let n(g) = -37563*g + 11719650. Give n(312).
-6
Let u(h) = 470*h - 24818. Determine u(53).
92
Let h(p) = -17*p**3 - 10*p**2 - 68*p - 134. Calculate h(-2).
98
Let p(o) = -17483*o + 1660751. Determine p(95).
-134
Let s(p) = -33858*p - 236997. What is s(-7)?
9
Let h(u) = -8*u**3 - 392*u**2 + 80*u + 4323. Calculate h(-49).
403
Let h(a) = 7*a**2 - 112*a + 30. Determine h(15).
-75
Let b(t) = t**2 + 245*t - 7972. What is b(29)?
-26
Let a(f) = f**3 - 107*f**2 + 1917*f + 334. Determine a(23).
-11
Let g(s) = -11942*s + 143297. What is g(12)?
-7
Let f(w) = -15*w**3 + 64*w**2 + 114*w - 324. What is f(5)?
-29
Let l(o) = 8*o**2 + 168*o - 182. Determine l(-22).
-6
Let d(w) = 6*w**2 + 16408*w + 358053. What is d(-22)?
-19
Let b(q) = q**3 + 79*q**2 + 1563*q + 439. Give b(-42).
61
Let a(y) = -657436*y - 22352836. Calculate a(-34).
-12
Let d(h) = -30*h**2 + 3866*h + 495. Determine d(129).
-21
Let t(m) = 31*m**2 + 4115*m + 7083. Determine t(-131).
9
Let w(v) = 25831*v - 14981974. Give w(580).
6
Let w(n) = 87980*n - 1847565. Determine w(21).
15
Let m(p) = -434*p - 15613. Determine m(-36).
11
Let h(s) = 1515*s - 2438. Give h(2).
592
Let o(v) = 34*v**3 - 172*v**2 - 176*v - 2. Determine o(-1).
-32
Let m(n) = -189*n**2 - 1315*n + 48. What is m(-7)?
-8
Let h(z) = -6*z**3 - 8*z**2 + 360*z - 1267. Determine h(4).
-339
Let x(c) = -11*c**2 - 1012*c + 4188. Calculate x(-96).
-36
Let w(g) = -22*g**3 - 288*g**2 + 32*g + 765. Give w(-13).
11
Let f(t) = 9*t**3 - 82*t**2 + 2804*t - 15815. Give f(6).
1
Let k(i) = -32*i**3 - 1142*i**2 - 763*i - 58. Give k(-35).
-303
Let q(b) = -1180*b + 4439. Determine q(4).
-281
Let y(b) = -12684*b - 63297. What is y(-5)?
123
Let c(a) = -511*a**3 - 25548*a**2 + 101*a + 41. Give c(-50).
-9
Let u(c) = 12890*c - 1314779. Determine u(102).
1
Let o(i) = 4*i**2 + 191*i + 1057. Calculate o(-43).
240
Let p(c) = -33*c + 568. Give p(12).
172
Let k(z) = -42152*z - 126374. Calculate k(-3).
82
Let s(b) = 228*b**2 + 391*b + 779. Give s(-2).
909
Let g(t) = -2811*t - 103998. Calculate g(-37).
9
Let c(k) = k**3 - 551*k**2 - 439*k - 62378. What is c(552)?
-2
Let y(g) = 2*g**3 - 6*g**2 + 195*g + 1198. Give y(-6).
-620
Let x(k) = -4*k**3 - 290*k**2 - 869*k + 25. Determine x(-3).
130
Let i(x) = -4*x**2 + 22467*x + 1684457. Give i(-74).
-5
Let w(i) = -i**3 + 3323*i**2 - 4*i + 7. Calculate w(0).
7
Let x(z) = 24224*z + 169532. What is x(-7)?
-36
Let o(p) = -162*p**3 - 6*p**2 + 8*p - 33. Give o(2).
-1337
Let u(d) = -8*d**3 + 319*d**2 + 26*d + 539. Give u(40).
-21
Let p(j) = 79340*j - 555390. What is p(7)?
-10
Let g(d) = -59001*d - 530999. Determine g(-9).
10
Let l(v) = 287*v + 114530. Give l(-399).
17
Let d(a) = 2*a**2 - 33*a - 23624. Determine d(-101).
111
Let w(v) = 11*v**2 + 223*v + 787. What is w(-4)?
71
Let u(z) = -z**3 - 7*z**2 + 328*z + 409. Give u(-21).
-305
Let s(d) = d**3 + 546*d**2 + 50192*d - 459. Determine s(-429).
-30
Let m(q) = -q**3 - 17*q**2 + 2800*q - 5528. Determine m(2).
-4
Let w(k) = -3*k**2 - 641*k - 10543. Determine w(-196).
-155
Let u(b) = 98*b**2 - 1095*b + 58. Give u(11).
-129
Let z(s) = s**3 + 31*s**2 - 397*s - 8997. Determine z(-35).
-2
Let v(x) = 4*x**3 + 30*x**2 - 228*x - 1636. Determine v(-7).
58
Let r(v) = 30*v**3 - 1857*v**2 - 175*v - 670. Give r(62).
12
Let a(i) = 3*i**2 + 293*i - 2512. Give a(-106).
138
Let z(s) = 339*s + 97436. Give z(-297).
-3247
Let t(y) = -3667*y + 344101. What is t(94)?
-597
Let i(w) = -1162*w + 433177. Calculate i(373).
-249
Let j(g) = -2953*g - 14775. Determine j(-5).
-10
Let h(x) = 2*x**2 - 1956*x + 334590. Calculate h(221).
-4
Let q(x) = 2*x**2 - 292*x - 1194. Determine q(-4).
6
Let d(s) = s**2 + 3544*s - 234581. Determine d(65).
4
Let q(v) = 10*v**3 - 269*v**2 + 1336*v + 19. What is q(5)?
1224
Let w(r) = r**3 + 4994*r + 20044. Determine w(-4).
4
Let i(a) = a**3 + 22*a**2 + 258*a + 7335. Determine i(-24).
-9
Let x(f) = -2*f**3 - 27*f**2 - 263*f - 4640. What is x(-15)?
-20
Let w(p) = 264*p**2 - 305469*p + 24300. Calculate w(1157).
3
Let z(g) = 9247*g - 36191. What is z(4)?
797
Let r(o) = 531*o**2 + 130*o + 130. Determine r(-1).
531
Let t(k) = k**2 - 770*k - 77966. Calculate t(-90).
-566
Let m(u) = 1003*u**2 + 146422*u - 2338. Calculate m(-146).
-2
Let j(q) = q**3 + 21*q**2 - 215*q + 324. Calculate j(6).
6
Let t(f) = -1439*f + 15208. Determine t(10).
818
Let l(u) = 2*u**3 - 276*u**2 - 274*u - 26. Calculate l(139).
530
Let u(b) = -1013*b**2 - 9236*b + 134. Determine u(-9).
1205
Let x(j) = -23*j**2 - 236*j + 59. Calculate x(-10).
119
Let h(m) = 6*m**2 + 125*m - 668. Calculate h(-30).
982
Let j(f) = 524*f + 49955. Determine j(-96).
-349
Let v(f) = f**3 + 159*f**2 - 864*f + 222. What is v(5)?
2
Let b(j) = 7*j**2 - 172*j - 3824. Calculate b(-23).
3835
Let m(u) = 15*u**2 - 762*u - 1836. Give m(53).
-87
Let w(l) = -689*l + 1404. What is w(2)?
26
Let d(u) = -4*u**2 + 6786*u + 13591. Calculate d(-2).
3
Let u(o) = 3370*o + 950333. Determine u(-282).
-7
Let y(g) = 83704*g - 4436311. Determine y(53).
1
Let i(m) = -6*m**3 - 17*m**2 + 88*m + 265. What is i(-3)?
10
Let f(n) = -9*n**2 + 419*n + 2330. What is f(-5)?
10
Let a(r) = 27*r - 556. Calculate a(-36).
-1528
Let r(h) = 2*h**2 - 239*h - 5923. What is r(-18)?
-973
Let d(i) = -i**3 - 143*i**2 - 943*i - 428. Give d(-136).
-1652
Let s(o) = 7*o**3 - 4*o**2 - 46*o + 69. Calculate s(0).
69
Let b(k) = -k**3 + 27*k**2 + 182*k - 5115. Calculate b(14).
-19
Let k(q) = -9*q**3 - 5248*q**2 - 218427*q + 546. Determine k(-538).
8
Let p(r) = -93959*r - 845626. Give p(-9)